) is divided by 11?
10
Suppose 2*l + 109 = -3*c, -12 - 118 = 4*c - 5*l. Let o = c + 64. Calculate the remainder when 55 is divided by o.
26
Let h be (-5 + 4)*(1 + -1). Suppose -4*v + 4 = h, q + 4*q = -4*v - 326. Let n = q - -112. What is the remainder when n is divided by 16?
14
Let w = -6 - -8. Let y = 7 - 5. What is the remainder when w is divided by y?
0
Let t(r) = 0*r + 4*r + 0*r. Let w be t(1). Suppose w*d - 8 = 60. What is the remainder when 50 is divided by d?
16
Suppose 0*m = 2*m + 14. Let y(w) = w + 8. What is the remainder when 2 is divided by y(m)?
0
Let v(q) = -q**2 - 4*q + 2. Let t be v(-8). Let o = 65 + t. Calculate the remainder when o is divided by 12.
11
Let z(w) = 2*w**2 + 2 + 2*w + 2*w - 3*w - 3*w**2. Let y be z(2). What is the remainder when 0 - (-1 + y) - -30 is divided by 16?
15
Let o = -22 - -29. Let s(w) = 3*w. What is the remainder when o is divided by s(1)?
1
Let y(v) = 5*v**2 + 4*v - 3. Calculate the remainder when y(-2) is divided by 5.
4
Calculate the remainder when 51 is divided by (-334)/(-26) + 2/13.
12
Let j(x) = -x**3 + 5. Let c be j(0). Suppose -25 = -b - 6*o + 2*o, 25 = b - c*o. Calculate the remainder when b is divided by 9.
7
Suppose 5*j + 0*j + 13 = m, 2*m + 2*j - 2 = 0. Calculate the remainder when 11 is divided by m.
2
Let u = -59 - -92. Calculate the remainder when u is divided by 18.
15
Let c = 9 + 4. Calculate the remainder when 37 is divided by c.
11
Let y(z) = -7*z**3 - 2*z + 1. Suppose 2 - 6 = 2*u. What is the remainder when y(u) is divided by 16?
13
Suppose -5*j + 8 = -32. Let k(n) = n**2 - 8*n + 12. What is the remainder when 35 is divided by k(j)?
11
Suppose w + 3*w = -64. What is the remainder when 58 is divided by ((-5)/(-2))/(w/(-96))?
13
Let w(l) = l**3 + l**2 + l + 27. Calculate the remainder when w(0) is divided by 7.
6
Suppose 2 = z + 2*v - 3, -5 = -z - 3*v. Calculate the remainder when z is divided by (4 + -1*1)*1.
2
Let r(q) = -q**3 + q**2 + q. Calculate the remainder when 17 is divided by r(-2).
7
Suppose 6*h = 20 + 40. Let t(d) = 2*d**2 - 8*d - 5. Calculate the remainder when t(6) is divided by h.
9
Let y(d) = d**3 + 9*d**2 + 7*d + 11. Suppose -3*f + 4 = 28. What is the remainder when 56 is divided by y(f)?
18
Let j = 3 - -6. What is the remainder when 3 is divided by -1*(j/(-3) - -1)?
1
Calculate the remainder when 136 - (-5)/(15/9) is divided by 35.
34
Let b = 56 - 40. Let s be -2 + -3 + 1 + -2. Let o = 12 + s. What is the remainder when b is divided by o?
4
Let v(j) = j**2 - 4*j - 2. Let z be v(5). Suppose z*r = -2*r + 5. Calculate the remainder when 1 is divided by r.
0
Calculate the remainder when (3 - -1) + (22 - -3) is divided by 5.
4
Let n = -13 + 25. Suppose -2*o + n + 12 = 0. Calculate the remainder when (15/3)/((-5)/(-35)) is divided by o.
11
Let y(k) = -k + 3. Calculate the remainder when y(-4) is divided by 2.
1
Let m be ((-8)/(-4))/(4/74). Let a = 77 - m. What is the remainder when a is divided by 21?
19
Calculate the remainder when 33 is divided by 3/(-1) - -4 - -18.
14
Suppose a - 132 = -27. Suppose -3*q + a = q - 5*t, -5*t = 5*q - 120. Calculate the remainder when 74 is divided by q.
24
Let f = -18 - -32. Let u be ((-25)/2)/(1/(-2)). Let o = u + 1. Calculate the remainder when o is divided by f.
12
Let f = 12 - 25. Let s = -8 - f. Suppose -4*d + 96 + 4 = 5*a, -s*a = -d. What is the remainder when 38 is divided by d?
18
Suppose v = -4*c + 23, -5*c + 3*v + 1 = -3*c. What is the remainder when 18 is divided by c?
3
Let u = 11 + 9. Calculate the remainder when 118 is divided by u.
18
Let m(r) = r**3 - 3*r**2 - 7*r - 1. Let q(t) = 6*t - 1. Let f be q(1). What is the remainder when m(f) is divided by (-6)/(144/(-210)) + (-6)/8?
6
Let a(q) = q**2 + 35. Calculate the remainder when a(0) is divided by 12.
11
Let b(k) = -k**3 + 4*k**2 + 5*k + 2. Let f be b(5). Suppose -f*d = -d + 6. Let i(m) = -4*m + 8. What is the remainder when i(d) is divided by 17?
15
Let c(x) = 4*x + 2. Let p be c(7). Suppose -2 = -2*l + p. What is the remainder when l is divided by 6?
4
Suppose 0 = -2*n + 3 + 9. What is the remainder when 15 is divided by n?
3
Let i(j) = j**2 + 2*j - 1. Let p be i(2). Let g(d) = 9*d - 7. Let m be g(p). Let h = -18 + m. Calculate the remainder when h is divided by 13.
12
Let b(g) = -g**2 - 3*g + 2. Suppose 2*z = 2 + 2. Suppose 3*q + 34 = -5*w, 4*q + 19 = -w + z. Calculate the remainder when 4 is divided by b(q).
0
Let y(i) = 8*i. Let c(w) = -w**3 - 4*w**2 - 3*w + 2. Let b be c(-3). Let d = 10 + -1. What is the remainder when y(b) is divided by d?
7
Let y be (1 - 2)*(6 + -1). Calculate the remainder when (-105)/y + -1*2 is divided by 10.
9
What is the remainder when 17 + 0 + (-6)/2 is divided by 5?
4
Suppose 0 = 2*m - 3*f, 0 = 2*m + 3*f - f - 20. Calculate the remainder when 11 is divided by m.
5
Suppose -2*b = -b - 18. Calculate the remainder when 69 is divided by b.
15
Let y = -1 - -24. Suppose -3*m - y + 182 = 0. Calculate the remainder when m is divided by 14.
11
Let y(q) = -q**3 - 6*q**2 + 4*q - 10. Let k be y(-7). Let f(h) = -h**2 + 11*h + 6. Calculate the remainder when 28 is divided by f(k).
4
Let c(z) = 2*z - 1 + 3*z**2 + 2 + 0*z. Suppose -h + 5*h - 196 = 0. What is the remainder when h is divided by c(2)?
15
Suppose 2*t = -0 + 110. Suppose 0*h + 5*h = t. Let k(i) = 31*i**3 + i**2 - i. What is the remainder when k(1) is divided by h?
9
Calculate the remainder when (68/(-16))/(1/(-12)) is divided by 18.
15
Let n(z) = 3*z + 1. Let i be n(2). Let v = 14 - i. Calculate the remainder when 20 is divided by v.
6
Let u = 30 - 14. Suppose 2*d = -3*d. Suppose 3*f + 10 - 28 = d. What is the remainder when u is divided by f?
4
Calculate the remainder when 48 is divided by 6 + -6 + 19 - (4 + -2).
14
Let x = 77 + -52. Calculate the remainder when 47 is divided by x.
22
Suppose 0 = -2*v + 3*v - 22. Let m = -19 + v. What is the remainder when (-1)/3 - 16/(-3) is divided by m?
2
Let z be (-12)/2 + 3 - 18. Let y = z + 46. Calculate the remainder when y is divided by 9.
7
Let x be 2 + (-1)/1*-2. Suppose -x*m + 34 = a, -4*a + 3*m = -19 - 41. What is the remainder when a is divided by 10?
8
Let x = 21 - 19. What is the remainder when (15/3)/(x/4) is divided by 5?
0
Suppose 0 = -2*m + 218 - 22. Calculate the remainder when m is divided by 25.
23
Let u(y) = 2*y**2 + y - 3. Let j be u(-4). Let i = 46 - j. Suppose 4*m = 5*o - i, -4*o - 8 = -5*o - 3*m. What is the remainder when o is divided by 3?
2
Let d = -11 - -4. Let i = d - -5. What is the remainder when 9 is divided by ((-25)/i)/5*2?
4
Suppose -5*q - 5*l + l = -31, -5*q + 34 = l. Calculate the remainder when q is divided by 3.
1
Let z(h) = -7*h + 0 - 1 - 3. Let s(t) = -2*t**3 - 4*t**2 - t + 2. Calculate the remainder when z(-2) is divided by s(-2).
2
Let p(r) = -r**3 + r**2 - 3. Let b be p(0). Calculate the remainder when (27 - -2) + 2 + 4 is divided by -2 + b/(3/(-14)).
11
Suppose -3*d + x + 13 = 0, -2*d - 4*x + 1 = 11. Let l(b) = b + 1. Let s be l(-1). What is the remainder when d - (s + (-60)/1) is divided by 16?
15
Let n = -29 + 48. Calculate the remainder when n is divided by 7.
5
Calculate the remainder when 54 is divided by 4*1 - ((-10)/2 - -2).
5
Let w be (-8)/(-28) - (-38)/14. Let q(u) = 3*u - 2. What is the remainder when 18 is divided by q(w)?
4
Let l(f) = 1 - 2 - f + 1 - 1. Calculate the remainder when 11 is divided by l(-5).
3
Suppose -507 = -4*w - 79. What is the remainder when w is divided by 16?
11
Let d = 1 - -3. Let u(m) = m**2 - m + 1. Let w(f) = f**3 + f**2 - 2*f - 2. Let p be w(-2). Calculate the remainder when u(p) is divided by d.
3
Let j = 32 + -7. Calculate the remainder when j is divided by 10.
5
Let y(k) = -k**3 + k**2 + 145. Let t be y(0). Let b = -22 - -27. Suppose 0*w = b*w - t. What is the remainder when w is divided by 10?
9
Let v = 22 + -14. Let l be (-3 + -3)/(1/(-5)). Calculate the remainder when (l/4)/(2/4) is divided by v.
7
Suppose 2 = g + 3*q, 3*g - 28 = 2*q + 11. What is the remainder when ((-62)/8)/(3/(-12)) is divided by g?
9
Suppose 0 = -4*y + 5*f + 39, -4*y + 49 = -0*y + 5*f. Let d be 9*2/(-3)*-1. What is the remainder when 2*-1*(-93)/d is divided by y?
9
Let z = 51 + -42. Calculate the remainder when (-2)/(-1) + (19 - -3) is divided by z.
6
Let a = 33 + -10. What is the remainder when